{"id":875,"date":"2020-11-30T13:05:18","date_gmt":"2020-11-30T13:05:18","guid":{"rendered":"\/docs-mcloud\/hilfe\/regio\/rangreihe-und-streuplan\/"},"modified":"2023-08-31T10:00:31","modified_gmt":"2023-08-31T10:00:31","slug":"rangreihe-und-streuplan","status":"publish","type":"page","link":"\/docs-mcloud\/hilfe\/regio\/rangreihe-und-streuplan\/","title":{"rendered":"Rangreihe und Streuplan"},"content":{"rendered":"\n<p>Die Verf\u00fcgbarkeit des Moduls Regio hat Auswirkungen auf das Datenpanel der Module <a href=\"\/docs-mcloud\/hilfe\/rangreihe\/\">Rangreihe<\/a> und <a href=\"\/docs-mcloud\/hilfe\/streuplan\/\">Streuplan<\/a>.<\/p>\n\n\n\n<p>Im Medienbaum werden die Belegungseinheiten nach Nielsengebieten geordnet zur Auswahl gestellt. Titel, die in unterschiedlichen Nielsengebieten erscheinen oder Teil einer Kombination wie z.B. TZ Premium Select sind, werden jeweils in den entsprechenden Ordnern aufgef\u00fchrt. So ist z. B. die Bild Deutschland Gesamt als \u00fcberregionale Zeitung in jedem Nielsengebiet w\u00e4hlbar. <\/p>\n\n\n\n<div class=\"wp-block-columns is-layout-flex wp-container-core-columns-is-layout-9d6595d7 wp-block-columns-is-layout-flex\">\n<div class=\"wp-block-column is-layout-flow wp-block-column-is-layout-flow\">\n<figure class=\"wp-block-image size-large\"><a href=\"\/docs-mcloud\/wp-content\/uploads\/sites\/4\/2020\/12\/regio-regionaler-filter.png\"><img loading=\"lazy\" decoding=\"async\" width=\"248\" height=\"308\" src=\"\/docs-mcloud\/wp-content\/uploads\/sites\/4\/2020\/12\/regio-regionaler-filter.png\" alt=\"\" class=\"wp-image-1041\" srcset=\"\/docs-mcloud\/wp-content\/uploads\/sites\/4\/2020\/12\/regio-regionaler-filter.png 248w, \/docs-mcloud\/wp-content\/uploads\/sites\/4\/2020\/12\/regio-regionaler-filter-242x300.png 242w\" sizes=\"auto, (max-width: 248px) 100vw, 248px\" \/><\/a><\/figure>\n<\/div>\n\n\n\n<div class=\"wp-block-column is-layout-flow wp-block-column-is-layout-flow\">\n<p>\u00dcber den <em>Medienfilter <\/em>kann die Medienauswahl auf die Titel in der ausgew\u00e4hlten Region eingeschr\u00e4nkt werden.<\/p>\n<\/div>\n<\/div>\n\n\n\n<div class=\"wp-block-columns is-layout-flex wp-container-core-columns-is-layout-9d6595d7 wp-block-columns-is-layout-flex\">\n<div class=\"wp-block-column is-layout-flow wp-block-column-is-layout-flow\">\n<figure class=\"wp-block-image size-large\"><img loading=\"lazy\" decoding=\"async\" width=\"249\" height=\"434\" src=\"\/docs-mcloud\/wp-content\/uploads\/sites\/4\/2020\/12\/redio-leistungswerte.png\" alt=\"\" class=\"wp-image-1043\" srcset=\"\/docs-mcloud\/wp-content\/uploads\/sites\/4\/2020\/12\/redio-leistungswerte.png 249w, \/docs-mcloud\/wp-content\/uploads\/sites\/4\/2020\/12\/redio-leistungswerte-172x300.png 172w\" sizes=\"auto, (max-width: 249px) 100vw, 249px\" \/><\/figure>\n<\/div>\n\n\n\n<div class=\"wp-block-column is-layout-flow wp-block-column-is-layout-flow\">\n<p>Die f\u00fcr die ma Tageszeitung relevanten zus\u00e4tzlichen <em>Leistungswerte <\/em>sind sowohl \u00fcber den Selektionsbaum als auch Layoutfenster auswahlbar.<\/p>\n<\/div>\n<\/div>\n","protected":false},"excerpt":{"rendered":"<p>Die Verf\u00fcgbarkeit des Moduls Regio hat Auswirkungen auf das Datenpanel der Module Rangreihe und Streuplan. Im Medienbaum werden die Belegungseinheiten nach Nielsengebieten geordnet zur Auswahl gestellt. Titel, die in unterschiedlichen Nielsengebieten erscheinen oder Teil einer Kombination wie z.B. TZ Premium Select sind, werden jeweils in den entsprechenden Ordnern aufgef\u00fchrt. So ist z. B. die Bild [&hellip;]<\/p>\n","protected":false},"author":1,"featured_media":0,"parent":663,"menu_order":3,"comment_status":"closed","ping_status":"closed","template":"","meta":{"_acf_changed":false,"inline_featured_image":false,"footnotes":""},"class_list":["post-875","page","type-page","status-publish","hentry"],"acf":[],"_links":{"self":[{"href":"\/docs-mcloud\/wp-json\/wp\/v2\/pages\/875","targetHints":{"allow":["GET"]}}],"collection":[{"href":"\/docs-mcloud\/wp-json\/wp\/v2\/pages"}],"about":[{"href":"\/docs-mcloud\/wp-json\/wp\/v2\/types\/page"}],"author":[{"embeddable":true,"href":"\/docs-mcloud\/wp-json\/wp\/v2\/users\/1"}],"replies":[{"embeddable":true,"href":"\/docs-mcloud\/wp-json\/wp\/v2\/comments?post=875"}],"version-history":[{"count":8,"href":"\/docs-mcloud\/wp-json\/wp\/v2\/pages\/875\/revisions"}],"predecessor-version":[{"id":2212,"href":"\/docs-mcloud\/wp-json\/wp\/v2\/pages\/875\/revisions\/2212"}],"up":[{"embeddable":true,"href":"\/docs-mcloud\/wp-json\/wp\/v2\/pages\/663"}],"wp:attachment":[{"href":"\/docs-mcloud\/wp-json\/wp\/v2\/media?parent=875"}],"curies":[{"name":"wp","href":"https:\/\/api.w.org\/{rel}","templated":true}]}}

<p>Die Verfügbarkeit des Moduls Regio hat Auswirkungen auf das Datenpanel der Module <a href="/docs-mcloud/hilfe/rangreihe/">Rangreihe</a> und <a href="/docs-mcloud/hilfe/streuplan/">Streuplan</a>.</p>



<p>Im Medienbaum werden die Belegungseinheiten nach Nielsengebieten geordnet zur Auswahl gestellt. Titel, die in unterschiedlichen Nielsengebieten erscheinen oder Teil einer Kombination wie z.B. TZ Premium Select sind, werden jeweils in den entsprechenden Ordnern aufgeführt. So ist z. B. die Bild Deutschland Gesamt als überregionale Zeitung in jedem Nielsengebiet wählbar. </p>



<div class="wp-block-columns is-layout-flex wp-container-core-columns-is-layout-9d6595d7 wp-block-columns-is-layout-flex">
<div class="wp-block-column is-layout-flow wp-block-column-is-layout-flow">
<figure class="wp-block-image size-large"><a href="/docs-mcloud/wp-content/uploads/sites/4/2020/12/regio-regionaler-filter.png"><img loading="lazy" decoding="async" width="248" height="308" src="/docs-mcloud/wp-content/uploads/sites/4/2020/12/regio-regionaler-filter.png" alt="" class="wp-image-1041" srcset="/docs-mcloud/wp-content/uploads/sites/4/2020/12/regio-regionaler-filter.png 248w, /docs-mcloud/wp-content/uploads/sites/4/2020/12/regio-regionaler-filter-242x300.png 242w" sizes="auto, (max-width: 248px) 100vw, 248px" /></a></figure>
</div>



<div class="wp-block-column is-layout-flow wp-block-column-is-layout-flow">
<p>Über den <em>Medienfilter </em>kann die Medienauswahl auf die Titel in der ausgewählten Region eingeschränkt werden.</p>
</div>
</div>



<div class="wp-block-columns is-layout-flex wp-container-core-columns-is-layout-9d6595d7 wp-block-columns-is-layout-flex">
<div class="wp-block-column is-layout-flow wp-block-column-is-layout-flow">
<figure class="wp-block-image size-large"><img loading="lazy" decoding="async" width="249" height="434" src="/docs-mcloud/wp-content/uploads/sites/4/2020/12/redio-leistungswerte.png" alt="" class="wp-image-1043" srcset="/docs-mcloud/wp-content/uploads/sites/4/2020/12/redio-leistungswerte.png 249w, /docs-mcloud/wp-content/uploads/sites/4/2020/12/redio-leistungswerte-172x300.png 172w" sizes="auto, (max-width: 249px) 100vw, 249px" /></figure>
</div>



<div class="wp-block-column is-layout-flow wp-block-column-is-layout-flow">
<p>Die für die ma Tageszeitung relevanten zusätzlichen <em>Leistungswerte </em>sind sowohl über den Selektionsbaum als auch Layoutfenster auswahlbar.</p>
</div>
</div>

<p>Die Verfügbarkeit des Moduls Regio hat Auswirkungen auf das Datenpanel der Module Rangreihe und Streuplan. Im Medienbaum werden die Belegungseinheiten nach Nielsengebieten geordnet zur Auswahl gestellt. Titel, die in unterschiedlichen Nielsengebieten erscheinen oder Teil einer Kombination wie z.B. TZ Premium Select sind, werden jeweils in den entsprechenden Ordnern aufgeführt. So ist z. B. die Bild [&hellip;]</p>
