{"id":871,"date":"2020-11-30T13:04:00","date_gmt":"2020-11-30T13:04:56","guid":{"rendered":"\/docs-mcloud\/hilfe\/regio\/medien-gebiete-info\/"},"modified":"2023-08-31T10:00:31","modified_gmt":"2023-08-31T10:00:31","slug":"medien-gebiete-info","status":"publish","type":"page","link":"\/docs-mcloud\/hilfe\/regio\/medien-gebiete-info\/","title":{"rendered":"Medien \/ Gebiete \/ Info"},"content":{"rendered":"\n<h2 class=\"wp-block-heading\">Medien<\/h2>\n\n\n\n<p>In der Auswahl <em>Medien<\/em> werden alle Zeitungsbelegungen der ma Tageszeitung im ausgew\u00e4hlten Gebiet aufgef\u00fchrt, die regional zugeordnet werden k\u00f6nnen. Die Liste der Titel kann \u00fcber verschiedene Kategorien gefiltert werden.<\/p>\n\n\n\n<figure class=\"wp-block-image size-large\"><a href=\"\/docs-mcloud\/wp-content\/uploads\/sites\/4\/2020\/11\/regio-medien.png\"><img loading=\"lazy\" decoding=\"async\" width=\"1024\" height=\"397\" src=\"\/docs-mcloud\/wp-content\/uploads\/sites\/4\/2020\/11\/regio-medien-1024x397.png\" alt=\"\" class=\"wp-image-993\" srcset=\"\/docs-mcloud\/wp-content\/uploads\/sites\/4\/2020\/11\/regio-medien-1024x397.png 1024w, \/docs-mcloud\/wp-content\/uploads\/sites\/4\/2020\/11\/regio-medien-300x116.png 300w, \/docs-mcloud\/wp-content\/uploads\/sites\/4\/2020\/11\/regio-medien-768x297.png 768w, \/docs-mcloud\/wp-content\/uploads\/sites\/4\/2020\/11\/regio-medien.png 1216w\" sizes=\"auto, (max-width: 1024px) 100vw, 1024px\" \/><\/a><\/figure>\n\n\n\n<figure class=\"wp-block-table is-style-stripes\"><table><tbody><tr><td>Titel-ID<\/td><td>ZIS-Nummer<\/td><\/tr><tr><td>Auflage im Gebiet<\/td><td>Gebietsbezogene Auflagen aus der L-Werte-Datei, die jeweils mit den Daten der ma Tageszeitung geliefert werden. Zu einem bestimmten Messtag wird die verkaufte Auflage erhoben: f\u00fcr ma Tageszeitung 2016 im November 2015<\/td><\/tr><tr><td>Marktanteil<\/td><td>Auflage eines Titels im Gebiet prozentuiert auf die Gesamtauflage aller Zeitungen des Marktes im definierten Gebiet<\/td><\/tr><tr><td>Marktanteil Gattung<\/td><td>Auflage eines Titels im Gebiet prozentuiert auf die Gesamtauflage aller Zeitungen der gleichen Gattung im definierten Gebiet<\/td><\/tr><tr><td>L-Wert<\/td><td>Gemeinde-Reichweite auf Kontaktbasis. Im Gegensatz zum Haushaltsindex bietet der L-Wert personenbezogene Kontaktdaten<\/td><\/tr><tr><td>Nutzer<\/td><td>Leser der Belegungseinheit im Gebiet<\/td><\/tr><tr><td>HH-Index<\/td><td>Anteil, zu dem Haushalte im definierten Gebiet von der Zeitungsbelegung erreicht wird (Auflage der Belegungseinheit im Gebiet \/ Zahl der Haushalte)<\/td><\/tr><\/tbody><\/table><\/figure>\n\n\n\n<p>\u00dcber das +-Icon im Tabellenkopf Medientitel k\u00f6nnen die aufgelisteten Titel entweder in die Tabellierung oder in die Rangreihe \/ Streuplan eingef\u00fcgt werden.<\/p>\n\n\n\n<h2 class=\"wp-block-heading\">Gebiete<\/h2>\n\n\n\n<p>In der Auswahl <em>Gebiete <\/em>werden die Gemeinden des ausgew\u00e4hlten Gebiets aufgef\u00fchrt. Die Liste kann nach allen Kriterien sortiert werden.<\/p>\n\n\n\n<figure class=\"wp-block-image size-large\"><a href=\"\/docs-mcloud\/wp-content\/uploads\/sites\/4\/2020\/11\/regio-gebiete.png\"><img loading=\"lazy\" decoding=\"async\" width=\"952\" height=\"467\" src=\"\/docs-mcloud\/wp-content\/uploads\/sites\/4\/2020\/11\/regio-gebiete.png\" alt=\"\" class=\"wp-image-998\" srcset=\"\/docs-mcloud\/wp-content\/uploads\/sites\/4\/2020\/11\/regio-gebiete.png 952w, \/docs-mcloud\/wp-content\/uploads\/sites\/4\/2020\/11\/regio-gebiete-300x147.png 300w, \/docs-mcloud\/wp-content\/uploads\/sites\/4\/2020\/11\/regio-gebiete-768x377.png 768w\" sizes=\"auto, (max-width: 952px) 100vw, 952px\" \/><\/a><\/figure>\n\n\n\n<p>Einzelne oder mehrere markierte Gemeinden respektive regionale Einheiten k\u00f6nnen \u00fcber das Icon <img decoding=\"async\" class=\"wp-image-1000\" style=\"width: 20px\" src=\"\/docs-mcloud\/wp-content\/uploads\/sites\/4\/2020\/11\/close.svg\" alt=\"\"> oder die rechten Maustaste aus dem definierten Gebiet gel\u00f6scht werden.<\/p>\n\n\n\n<p>\u00dcber das Icon <img decoding=\"async\" class=\"wp-image-1002\" style=\"width: 20px\" src=\"\/docs-mcloud\/wp-content\/uploads\/sites\/4\/2020\/11\/location_arrow.svg\" alt=\"\"> neben dem Namen der Gemeinde kann gezielt auf diese Gemeinde auf der Karte gezoomt werden.<\/p>\n\n\n\n<h2 class=\"wp-block-heading\">Info<\/h2>\n\n\n\n<p>Wenn der Reiter <em>Info <\/em>aktiv ist, werden dort genauere Informationen zur aktuellen Region angezeigt, die sich momentan unter dem Mauszeiger befindet.<\/p>\n\n\n\n<figure class=\"wp-block-image size-large\"><a href=\"\/docs-mcloud\/wp-content\/uploads\/sites\/4\/2020\/11\/regio-info.png\"><img loading=\"lazy\" decoding=\"async\" width=\"1002\" height=\"296\" src=\"\/docs-mcloud\/wp-content\/uploads\/sites\/4\/2020\/11\/regio-info.png\" alt=\"\" class=\"wp-image-1005\" srcset=\"\/docs-mcloud\/wp-content\/uploads\/sites\/4\/2020\/11\/regio-info.png 1002w, \/docs-mcloud\/wp-content\/uploads\/sites\/4\/2020\/11\/regio-info-300x89.png 300w, \/docs-mcloud\/wp-content\/uploads\/sites\/4\/2020\/11\/regio-info-768x227.png 768w\" sizes=\"auto, (max-width: 1002px) 100vw, 1002px\" \/><\/a><\/figure>\n","protected":false},"excerpt":{"rendered":"<p>Medien In der Auswahl Medien werden alle Zeitungsbelegungen der ma Tageszeitung im ausgew\u00e4hlten Gebiet aufgef\u00fchrt, die regional zugeordnet werden k\u00f6nnen. Die Liste der Titel kann \u00fcber verschiedene Kategorien gefiltert werden. Titel-ID ZIS-Nummer Auflage im Gebiet Gebietsbezogene Auflagen aus der L-Werte-Datei, die jeweils mit den Daten der ma Tageszeitung geliefert werden. Zu einem bestimmten Messtag wird [&hellip;]<\/p>\n","protected":false},"author":1,"featured_media":0,"parent":663,"menu_order":1,"comment_status":"closed","ping_status":"closed","template":"","meta":{"_acf_changed":false,"inline_featured_image":false,"footnotes":""},"class_list":["post-871","page","type-page","status-publish","hentry"],"acf":[],"_links":{"self":[{"href":"\/docs-mcloud\/wp-json\/wp\/v2\/pages\/871","targetHints":{"allow":["GET"]}}],"collection":[{"href":"\/docs-mcloud\/wp-json\/wp\/v2\/pages"}],"about":[{"href":"\/docs-mcloud\/wp-json\/wp\/v2\/types\/page"}],"author":[{"embeddable":true,"href":"\/docs-mcloud\/wp-json\/wp\/v2\/users\/1"}],"replies":[{"embeddable":true,"href":"\/docs-mcloud\/wp-json\/wp\/v2\/comments?post=871"}],"version-history":[{"count":11,"href":"\/docs-mcloud\/wp-json\/wp\/v2\/pages\/871\/revisions"}],"predecessor-version":[{"id":2210,"href":"\/docs-mcloud\/wp-json\/wp\/v2\/pages\/871\/revisions\/2210"}],"up":[{"embeddable":true,"href":"\/docs-mcloud\/wp-json\/wp\/v2\/pages\/663"}],"wp:attachment":[{"href":"\/docs-mcloud\/wp-json\/wp\/v2\/media?parent=871"}],"curies":[{"name":"wp","href":"https:\/\/api.w.org\/{rel}","templated":true}]}}

<h2 class="wp-block-heading">Medien</h2>



<p>In der Auswahl <em>Medien</em> werden alle Zeitungsbelegungen der ma Tageszeitung im ausgewählten Gebiet aufgeführt, die regional zugeordnet werden können. Die Liste der Titel kann über verschiedene Kategorien gefiltert werden.</p>



<figure class="wp-block-image size-large"><a href="/docs-mcloud/wp-content/uploads/sites/4/2020/11/regio-medien.png"><img loading="lazy" decoding="async" width="1024" height="397" src="/docs-mcloud/wp-content/uploads/sites/4/2020/11/regio-medien-1024x397.png" alt="" class="wp-image-993" srcset="/docs-mcloud/wp-content/uploads/sites/4/2020/11/regio-medien-1024x397.png 1024w, /docs-mcloud/wp-content/uploads/sites/4/2020/11/regio-medien-300x116.png 300w, /docs-mcloud/wp-content/uploads/sites/4/2020/11/regio-medien-768x297.png 768w, /docs-mcloud/wp-content/uploads/sites/4/2020/11/regio-medien.png 1216w" sizes="auto, (max-width: 1024px) 100vw, 1024px" /></a></figure>



<figure class="wp-block-table is-style-stripes"><table><tbody><tr><td>Titel-ID</td><td>ZIS-Nummer</td></tr><tr><td>Auflage im Gebiet</td><td>Gebietsbezogene Auflagen aus der L-Werte-Datei, die jeweils mit den Daten der ma Tageszeitung geliefert werden. Zu einem bestimmten Messtag wird die verkaufte Auflage erhoben: für ma Tageszeitung 2016 im November 2015</td></tr><tr><td>Marktanteil</td><td>Auflage eines Titels im Gebiet prozentuiert auf die Gesamtauflage aller Zeitungen des Marktes im definierten Gebiet</td></tr><tr><td>Marktanteil Gattung</td><td>Auflage eines Titels im Gebiet prozentuiert auf die Gesamtauflage aller Zeitungen der gleichen Gattung im definierten Gebiet</td></tr><tr><td>L-Wert</td><td>Gemeinde-Reichweite auf Kontaktbasis. Im Gegensatz zum Haushaltsindex bietet der L-Wert personenbezogene Kontaktdaten</td></tr><tr><td>Nutzer</td><td>Leser der Belegungseinheit im Gebiet</td></tr><tr><td>HH-Index</td><td>Anteil, zu dem Haushalte im definierten Gebiet von der Zeitungsbelegung erreicht wird (Auflage der Belegungseinheit im Gebiet / Zahl der Haushalte)</td></tr></tbody></table></figure>



<p>Über das +-Icon im Tabellenkopf Medientitel können die aufgelisteten Titel entweder in die Tabellierung oder in die Rangreihe / Streuplan eingefügt werden.</p>



<h2 class="wp-block-heading">Gebiete</h2>



<p>In der Auswahl <em>Gebiete </em>werden die Gemeinden des ausgewählten Gebiets aufgeführt. Die Liste kann nach allen Kriterien sortiert werden.</p>



<figure class="wp-block-image size-large"><a href="/docs-mcloud/wp-content/uploads/sites/4/2020/11/regio-gebiete.png"><img loading="lazy" decoding="async" width="952" height="467" src="/docs-mcloud/wp-content/uploads/sites/4/2020/11/regio-gebiete.png" alt="" class="wp-image-998" srcset="/docs-mcloud/wp-content/uploads/sites/4/2020/11/regio-gebiete.png 952w, /docs-mcloud/wp-content/uploads/sites/4/2020/11/regio-gebiete-300x147.png 300w, /docs-mcloud/wp-content/uploads/sites/4/2020/11/regio-gebiete-768x377.png 768w" sizes="auto, (max-width: 952px) 100vw, 952px" /></a></figure>



<p>Einzelne oder mehrere markierte Gemeinden respektive regionale Einheiten können über das Icon <img decoding="async" class="wp-image-1000" style="width: 20px" src="/docs-mcloud/wp-content/uploads/sites/4/2020/11/close.svg" alt=""> oder die rechten Maustaste aus dem definierten Gebiet gelöscht werden.</p>



<p>Über das Icon <img decoding="async" class="wp-image-1002" style="width: 20px" src="/docs-mcloud/wp-content/uploads/sites/4/2020/11/location_arrow.svg" alt=""> neben dem Namen der Gemeinde kann gezielt auf diese Gemeinde auf der Karte gezoomt werden.</p>



<h2 class="wp-block-heading">Info</h2>



<p>Wenn der Reiter <em>Info </em>aktiv ist, werden dort genauere Informationen zur aktuellen Region angezeigt, die sich momentan unter dem Mauszeiger befindet.</p>



<figure class="wp-block-image size-large"><a href="/docs-mcloud/wp-content/uploads/sites/4/2020/11/regio-info.png"><img loading="lazy" decoding="async" width="1002" height="296" src="/docs-mcloud/wp-content/uploads/sites/4/2020/11/regio-info.png" alt="" class="wp-image-1005" srcset="/docs-mcloud/wp-content/uploads/sites/4/2020/11/regio-info.png 1002w, /docs-mcloud/wp-content/uploads/sites/4/2020/11/regio-info-300x89.png 300w, /docs-mcloud/wp-content/uploads/sites/4/2020/11/regio-info-768x227.png 768w" sizes="auto, (max-width: 1002px) 100vw, 1002px" /></a></figure>

<p>Medien In der Auswahl Medien werden alle Zeitungsbelegungen der ma Tageszeitung im ausgewählten Gebiet aufgeführt, die regional zugeordnet werden können. Die Liste der Titel kann über verschiedene Kategorien gefiltert werden. Titel-ID ZIS-Nummer Auflage im Gebiet Gebietsbezogene Auflagen aus der L-Werte-Datei, die jeweils mit den Daten der ma Tageszeitung geliefert werden. Zu einem bestimmten Messtag wird [&hellip;]</p>
