{"id":863,"date":"2020-11-30T13:03:30","date_gmt":"2020-11-30T13:03:30","guid":{"rendered":"\/docs-mcloud\/hilfe\/regio\/region-definieren\/"},"modified":"2023-08-31T10:00:30","modified_gmt":"2023-08-31T10:00:30","slug":"region-definieren","status":"publish","type":"page","link":"\/docs-mcloud\/hilfe\/regio\/region-definieren\/","title":{"rendered":"Region definieren"},"content":{"rendered":"\n<p>\u00dcber das Pulldown-Men\u00fc <em>Farbe <\/em>k\u00f6nnen unterschiedliche Farben zum Markieren einer Region gew\u00e4hlt werden. Die Farbauswahl muss vor dem Hereinziehen des Gebiets getroffen werden.<\/p>\n\n\n\n<figure class=\"wp-block-image size-large\"><a href=\"\/docs-mcloud\/wp-content\/uploads\/sites\/4\/2020\/11\/regio-gebiete-farben.png\"><img loading=\"lazy\" decoding=\"async\" width=\"735\" height=\"428\" src=\"\/docs-mcloud\/wp-content\/uploads\/sites\/4\/2020\/11\/regio-gebiete-farben.png\" alt=\"\" class=\"wp-image-894\" srcset=\"\/docs-mcloud\/wp-content\/uploads\/sites\/4\/2020\/11\/regio-gebiete-farben.png 735w, \/docs-mcloud\/wp-content\/uploads\/sites\/4\/2020\/11\/regio-gebiete-farben-300x175.png 300w\" sizes=\"auto, (max-width: 735px) 100vw, 735px\" \/><\/a><\/figure>\n\n\n\n<p>W\u00e4hlen Sie im Selektionsbaum <em>Gebiete <\/em>die gew\u00fcnschten Gebiete aus und ziehen Sie diese per Drag &amp; Drop auf die Karte.<\/p>\n\n\n\n<p>Die selektierte Region wird f\u00fcr alle Auswertungsmodule ber\u00fccksichtigt: Sie wird mit dem in einem anderen Auswertungsmodul definierten Zielgruppenfilter verkn\u00fcpft. Das Potenzial der Zielgruppe in der Region wird rechts in der Zeile Zielgruppe angezeigt.<\/p>\n\n\n\n<figure class=\"wp-block-image size-large\"><a href=\"\/docs-mcloud\/wp-content\/uploads\/sites\/4\/2020\/11\/regio-gebiete-zielgruppe.png\"><img loading=\"lazy\" decoding=\"async\" width=\"802\" height=\"56\" src=\"\/docs-mcloud\/wp-content\/uploads\/sites\/4\/2020\/11\/regio-gebiete-zielgruppe.png\" alt=\"\" class=\"wp-image-982\" srcset=\"\/docs-mcloud\/wp-content\/uploads\/sites\/4\/2020\/11\/regio-gebiete-zielgruppe.png 802w, \/docs-mcloud\/wp-content\/uploads\/sites\/4\/2020\/11\/regio-gebiete-zielgruppe-300x21.png 300w, \/docs-mcloud\/wp-content\/uploads\/sites\/4\/2020\/11\/regio-gebiete-zielgruppe-768x54.png 768w\" sizes=\"auto, (max-width: 802px) 100vw, 802px\" \/><\/a><\/figure>\n\n\n\n<p>Zur Definition des Gebiets werden die ma-Verbreitungsgebiete sowie weitere regionale Definitionen angeboten.<\/p>\n\n\n\n<div class=\"wp-block-columns is-layout-flex wp-container-core-columns-is-layout-9d6595d7 wp-block-columns-is-layout-flex\">\n<div class=\"wp-block-column is-layout-flow wp-block-column-is-layout-flow\">\n<figure class=\"wp-block-image size-large\"><a href=\"\/docs-mcloud\/wp-content\/uploads\/sites\/4\/2020\/11\/regio-gebiete-ma.png\"><img loading=\"lazy\" decoding=\"async\" width=\"234\" height=\"121\" src=\"\/docs-mcloud\/wp-content\/uploads\/sites\/4\/2020\/11\/regio-gebiete-ma.png\" alt=\"\" class=\"wp-image-884\" \/><\/a><\/figure>\n<\/div>\n\n\n\n<div class=\"wp-block-column is-layout-flow wp-block-column-is-layout-flow\">\n<p><strong>MA Verbreitungsgebiete<\/strong><\/p>\n\n\n\n<p>Von der ag.ma f\u00fcr alle Mitglieder gelieferten Verbreitungsgebiete.<\/p>\n<\/div>\n<\/div>\n\n\n\n<div class=\"wp-block-columns is-layout-flex wp-container-core-columns-is-layout-9d6595d7 wp-block-columns-is-layout-flex\">\n<div class=\"wp-block-column is-layout-flow wp-block-column-is-layout-flow\">\n<figure class=\"wp-block-image size-large\"><a href=\"\/docs-mcloud\/wp-content\/uploads\/sites\/4\/2020\/11\/regio-gebiete-bundeslaender-1.png\"><img loading=\"lazy\" decoding=\"async\" width=\"249\" height=\"380\" src=\"\/docs-mcloud\/wp-content\/uploads\/sites\/4\/2020\/11\/regio-gebiete-bundeslaender-1.png\" alt=\"\" class=\"wp-image-888\" srcset=\"\/docs-mcloud\/wp-content\/uploads\/sites\/4\/2020\/11\/regio-gebiete-bundeslaender-1.png 249w, \/docs-mcloud\/wp-content\/uploads\/sites\/4\/2020\/11\/regio-gebiete-bundeslaender-1-197x300.png 197w\" sizes=\"auto, (max-width: 249px) 100vw, 249px\" \/><\/a><\/figure>\n<\/div>\n\n\n\n<div class=\"wp-block-column is-layout-flow wp-block-column-is-layout-flow\">\n<p><strong>Bundesl\u00e4nder \/ Nielsengebiete<\/strong><\/p>\n\n\n\n<p>Die kleinste Einheit in der Auswahl ist die Gemeinde<\/p>\n<\/div>\n<\/div>\n","protected":false},"excerpt":{"rendered":"<p>\u00dcber das Pulldown-Men\u00fc Farbe k\u00f6nnen unterschiedliche Farben zum Markieren einer Region gew\u00e4hlt werden. Die Farbauswahl muss vor dem Hereinziehen des Gebiets getroffen werden. W\u00e4hlen Sie im Selektionsbaum Gebiete die gew\u00fcnschten Gebiete aus und ziehen Sie diese per Drag &amp; Drop auf die Karte. Die selektierte Region wird f\u00fcr alle Auswertungsmodule ber\u00fccksichtigt: Sie wird mit dem [&hellip;]<\/p>\n","protected":false},"author":1,"featured_media":0,"parent":663,"menu_order":0,"comment_status":"closed","ping_status":"closed","template":"","meta":{"_acf_changed":false,"inline_featured_image":false,"footnotes":""},"class_list":["post-863","page","type-page","status-publish","hentry"],"acf":[],"_links":{"self":[{"href":"\/docs-mcloud\/wp-json\/wp\/v2\/pages\/863","targetHints":{"allow":["GET"]}}],"collection":[{"href":"\/docs-mcloud\/wp-json\/wp\/v2\/pages"}],"about":[{"href":"\/docs-mcloud\/wp-json\/wp\/v2\/types\/page"}],"author":[{"embeddable":true,"href":"\/docs-mcloud\/wp-json\/wp\/v2\/users\/1"}],"replies":[{"embeddable":true,"href":"\/docs-mcloud\/wp-json\/wp\/v2\/comments?post=863"}],"version-history":[{"count":14,"href":"\/docs-mcloud\/wp-json\/wp\/v2\/pages\/863\/revisions"}],"predecessor-version":[{"id":2209,"href":"\/docs-mcloud\/wp-json\/wp\/v2\/pages\/863\/revisions\/2209"}],"up":[{"embeddable":true,"href":"\/docs-mcloud\/wp-json\/wp\/v2\/pages\/663"}],"wp:attachment":[{"href":"\/docs-mcloud\/wp-json\/wp\/v2\/media?parent=863"}],"curies":[{"name":"wp","href":"https:\/\/api.w.org\/{rel}","templated":true}]}}

<p>Über das Pulldown-Menü <em>Farbe </em>können unterschiedliche Farben zum Markieren einer Region gewählt werden. Die Farbauswahl muss vor dem Hereinziehen des Gebiets getroffen werden.</p>



<figure class="wp-block-image size-large"><a href="/docs-mcloud/wp-content/uploads/sites/4/2020/11/regio-gebiete-farben.png"><img loading="lazy" decoding="async" width="735" height="428" src="/docs-mcloud/wp-content/uploads/sites/4/2020/11/regio-gebiete-farben.png" alt="" class="wp-image-894" srcset="/docs-mcloud/wp-content/uploads/sites/4/2020/11/regio-gebiete-farben.png 735w, /docs-mcloud/wp-content/uploads/sites/4/2020/11/regio-gebiete-farben-300x175.png 300w" sizes="auto, (max-width: 735px) 100vw, 735px" /></a></figure>



<p>Wählen Sie im Selektionsbaum <em>Gebiete </em>die gewünschten Gebiete aus und ziehen Sie diese per Drag &amp; Drop auf die Karte.</p>



<p>Die selektierte Region wird für alle Auswertungsmodule berücksichtigt: Sie wird mit dem in einem anderen Auswertungsmodul definierten Zielgruppenfilter verknüpft. Das Potenzial der Zielgruppe in der Region wird rechts in der Zeile Zielgruppe angezeigt.</p>



<figure class="wp-block-image size-large"><a href="/docs-mcloud/wp-content/uploads/sites/4/2020/11/regio-gebiete-zielgruppe.png"><img loading="lazy" decoding="async" width="802" height="56" src="/docs-mcloud/wp-content/uploads/sites/4/2020/11/regio-gebiete-zielgruppe.png" alt="" class="wp-image-982" srcset="/docs-mcloud/wp-content/uploads/sites/4/2020/11/regio-gebiete-zielgruppe.png 802w, /docs-mcloud/wp-content/uploads/sites/4/2020/11/regio-gebiete-zielgruppe-300x21.png 300w, /docs-mcloud/wp-content/uploads/sites/4/2020/11/regio-gebiete-zielgruppe-768x54.png 768w" sizes="auto, (max-width: 802px) 100vw, 802px" /></a></figure>



<p>Zur Definition des Gebiets werden die ma-Verbreitungsgebiete sowie weitere regionale Definitionen angeboten.</p>



<div class="wp-block-columns is-layout-flex wp-container-core-columns-is-layout-9d6595d7 wp-block-columns-is-layout-flex">
<div class="wp-block-column is-layout-flow wp-block-column-is-layout-flow">
<figure class="wp-block-image size-large"><a href="/docs-mcloud/wp-content/uploads/sites/4/2020/11/regio-gebiete-ma.png"><img loading="lazy" decoding="async" width="234" height="121" src="/docs-mcloud/wp-content/uploads/sites/4/2020/11/regio-gebiete-ma.png" alt="" class="wp-image-884" /></a></figure>
</div>



<div class="wp-block-column is-layout-flow wp-block-column-is-layout-flow">
<p><strong>MA Verbreitungsgebiete</strong></p>



<p>Von der ag.ma für alle Mitglieder gelieferten Verbreitungsgebiete.</p>
</div>
</div>



<div class="wp-block-columns is-layout-flex wp-container-core-columns-is-layout-9d6595d7 wp-block-columns-is-layout-flex">
<div class="wp-block-column is-layout-flow wp-block-column-is-layout-flow">
<figure class="wp-block-image size-large"><a href="/docs-mcloud/wp-content/uploads/sites/4/2020/11/regio-gebiete-bundeslaender-1.png"><img loading="lazy" decoding="async" width="249" height="380" src="/docs-mcloud/wp-content/uploads/sites/4/2020/11/regio-gebiete-bundeslaender-1.png" alt="" class="wp-image-888" srcset="/docs-mcloud/wp-content/uploads/sites/4/2020/11/regio-gebiete-bundeslaender-1.png 249w, /docs-mcloud/wp-content/uploads/sites/4/2020/11/regio-gebiete-bundeslaender-1-197x300.png 197w" sizes="auto, (max-width: 249px) 100vw, 249px" /></a></figure>
</div>



<div class="wp-block-column is-layout-flow wp-block-column-is-layout-flow">
<p><strong>Bundesländer / Nielsengebiete</strong></p>



<p>Die kleinste Einheit in der Auswahl ist die Gemeinde</p>
</div>
</div>

<p>Über das Pulldown-Menü Farbe können unterschiedliche Farben zum Markieren einer Region gewählt werden. Die Farbauswahl muss vor dem Hereinziehen des Gebiets getroffen werden. Wählen Sie im Selektionsbaum Gebiete die gewünschten Gebiete aus und ziehen Sie diese per Drag &amp; Drop auf die Karte. Die selektierte Region wird für alle Auswertungsmodule berücksichtigt: Sie wird mit dem [&hellip;]</p>
