{"id":3122,"date":"2026-03-19T21:58:40","date_gmt":"2026-03-19T21:58:40","guid":{"rendered":"\/docs-mcloud\/hilfe\/regio-2\/medien-definieren\/medien-hinzufuegen\/medien-filtern\/"},"modified":"2026-03-19T21:59:47","modified_gmt":"2026-03-19T21:59:47","slug":"medien-filtern","status":"publish","type":"page","link":"\/docs-mcloud\/hilfe\/regio-2\/medien-definieren\/medien-hinzufuegen\/medien-filtern\/","title":{"rendered":"Medien filtern"},"content":{"rendered":"\n<p>Das Fenster&nbsp;<em>Medien Auswahl<\/em>&nbsp;hilft beim schnellen Auffinden eines Standortes, einer bestimmten Einzelstelle oder eines Netzwerks.<\/p>\n\n\n\n<figure class=\"wp-block-image\"><img loading=\"lazy\" decoding=\"async\" width=\"267\" height=\"41\" src=\"\/docs-mcloud\/wp-content\/uploads\/sites\/4\/2026\/02\/medienfilter1.png\" alt=\"\" class=\"wp-image-2974\" \/><\/figure>\n\n\n\n<p>Bei der Eingabe von zwei und mehreren Suchworten in der Maske werden diese innerhalb eines Textstrings gesucht und in einer Medienvorschau live angezeigt. Gro\u00df- und Kleinschreibung werden ignoriert.<\/p>\n\n\n\n<figure class=\"wp-block-image\"><img loading=\"lazy\" decoding=\"async\" width=\"485\" height=\"221\" src=\"\/docs-mcloud\/wp-content\/uploads\/sites\/4\/2026\/02\/medienfilter2.png\" alt=\"\" class=\"wp-image-2976\" srcset=\"\/docs-mcloud\/wp-content\/uploads\/sites\/4\/2026\/02\/medienfilter2.png 485w, \/docs-mcloud\/wp-content\/uploads\/sites\/4\/2026\/02\/medienfilter2-300x137.png 300w\" sizes=\"auto, (max-width: 485px) 100vw, 485px\" \/><\/figure>\n\n\n\n<p>In der Vorschau lassen sich die gew\u00fcnschten Stellen\/Netzwerke\/Digitale Medien markieren. Ein Counter z\u00e4hlt die bisher ausgew\u00e4hlten Stellen, die \u00fcber den Men\u00fcpunkt&nbsp;<em>Nur Auswahl zeigen<\/em>.<\/p>\n\n\n\n<figure class=\"wp-block-image\"><img loading=\"lazy\" decoding=\"async\" width=\"566\" height=\"230\" src=\"\/docs-mcloud\/wp-content\/uploads\/sites\/4\/2026\/02\/medienfilter5.png\" alt=\"\" class=\"wp-image-2981\" srcset=\"\/docs-mcloud\/wp-content\/uploads\/sites\/4\/2026\/02\/medienfilter5.png 566w, \/docs-mcloud\/wp-content\/uploads\/sites\/4\/2026\/02\/medienfilter5-300x122.png 300w\" sizes=\"auto, (max-width: 566px) 100vw, 566px\" \/><\/figure>\n\n\n\n<p>\u00dcber die&nbsp;<em>Filterkriterien<\/em>&nbsp;lassen sich Einzelstellen, Netzwerke oder digitale Medien durch Parameter eingrenzen.<\/p>\n\n\n\n<figure class=\"wp-block-image\"><img loading=\"lazy\" decoding=\"async\" width=\"450\" height=\"123\" src=\"\/docs-mcloud\/wp-content\/uploads\/sites\/4\/2026\/02\/medienfilter3.png\" alt=\"\" class=\"wp-image-2979\" srcset=\"\/docs-mcloud\/wp-content\/uploads\/sites\/4\/2026\/02\/medienfilter3.png 450w, \/docs-mcloud\/wp-content\/uploads\/sites\/4\/2026\/02\/medienfilter3-300x82.png 300w\" sizes=\"auto, (max-width: 450px) 100vw, 450px\" \/><\/figure>\n\n\n\n<p>Sobald neben Gesamt eine weitere Region individuell definiert ist, werden im Medienfilter die Filterkriterien angepasst. Die Werte in Klammern sind die noch verf\u00fcgbaren Einzelstellen\/Netzwerke, die sich hinter dem jeweiligen Filterkriterium befinden.<\/p>\n\n\n\n<figure class=\"wp-block-image\"><img loading=\"lazy\" decoding=\"async\" width=\"320\" height=\"212\" src=\"\/docs-mcloud\/wp-content\/uploads\/sites\/4\/2026\/02\/medienfilter4.png\" alt=\"\" class=\"wp-image-2980\" srcset=\"\/docs-mcloud\/wp-content\/uploads\/sites\/4\/2026\/02\/medienfilter4.png 320w, \/docs-mcloud\/wp-content\/uploads\/sites\/4\/2026\/02\/medienfilter4-300x199.png 300w\" sizes=\"auto, (max-width: 320px) 100vw, 320px\" \/><\/figure>\n\n\n\n<p>F\u00fcr Einzelstellen stehen folgende Kriterien (<em>Beispiel<\/em>e) zur Auswahl:<\/p>\n\n\n\n<p><strong>Einzelstellen<\/strong><\/p>\n\n\n\n<ul class=\"wp-block-list\">\n<li>Stellentyp (<em>City Light Poster<\/em>)<\/li>\n\n\n\n<li>Ber\u00fchrungspunkte (<em>Bahnhof<\/em>)<\/li>\n\n\n\n<li>Anbieter (<em>PLAKATUNION<\/em>)<\/li>\n\n\n\n<li>Beleuchtung (<em>hinterbeleuchtet<\/em>)<\/li>\n\n\n\n<li>Position (<em>45 Grad<\/em>)<\/li>\n<\/ul>\n\n\n\n<p><strong>Netzwerke<\/strong><\/p>\n\n\n\n<ul class=\"wp-block-list\">\n<li>Stellentyp (<em>Allgemeinstellen<\/em>)<\/li>\n\n\n\n<li>Anbieter (Str\u00f6er)<\/li>\n<\/ul>\n\n\n\n<p><strong>Digitale Medien<\/strong><\/p>\n\n\n\n<ul class=\"wp-block-list\">\n<li>Stellentyp (<em>Riesenposter Digital<\/em>)<\/li>\n\n\n\n<li>Anbieter (<em>WallDecaux<\/em>)<\/li>\n\n\n\n<li>Wochentag (<em>Woche, Dienstag<\/em>)<\/li>\n\n\n\n<li>Ausspielungen (<em>45<\/em>\/<em>h<\/em>)<\/li>\n\n\n\n<li>Zeitschienen (<em>12:00-15:00<\/em>)<\/li>\n<\/ul>\n","protected":false},"excerpt":{"rendered":"<p>Das Fenster&nbsp;Medien Auswahl&nbsp;hilft beim schnellen Auffinden eines Standortes, einer bestimmten Einzelstelle oder eines Netzwerks. Bei der Eingabe von zwei und mehreren Suchworten in der Maske werden diese innerhalb eines Textstrings gesucht und in einer Medienvorschau live angezeigt. Gro\u00df- und Kleinschreibung werden ignoriert. In der Vorschau lassen sich die gew\u00fcnschten Stellen\/Netzwerke\/Digitale Medien markieren. Ein Counter z\u00e4hlt [&hellip;]<\/p>\n","protected":false},"author":11,"featured_media":0,"parent":2967,"menu_order":0,"comment_status":"closed","ping_status":"closed","template":"","meta":{"_acf_changed":false,"inline_featured_image":false,"footnotes":""},"class_list":["post-3122","page","type-page","status-publish","hentry"],"acf":[],"_links":{"self":[{"href":"\/docs-mcloud\/wp-json\/wp\/v2\/pages\/3122","targetHints":{"allow":["GET"]}}],"collection":[{"href":"\/docs-mcloud\/wp-json\/wp\/v2\/pages"}],"about":[{"href":"\/docs-mcloud\/wp-json\/wp\/v2\/types\/page"}],"author":[{"embeddable":true,"href":"\/docs-mcloud\/wp-json\/wp\/v2\/users\/11"}],"replies":[{"embeddable":true,"href":"\/docs-mcloud\/wp-json\/wp\/v2\/comments?post=3122"}],"version-history":[{"count":2,"href":"\/docs-mcloud\/wp-json\/wp\/v2\/pages\/3122\/revisions"}],"predecessor-version":[{"id":3128,"href":"\/docs-mcloud\/wp-json\/wp\/v2\/pages\/3122\/revisions\/3128"}],"up":[{"embeddable":true,"href":"\/docs-mcloud\/wp-json\/wp\/v2\/pages\/2967"}],"wp:attachment":[{"href":"\/docs-mcloud\/wp-json\/wp\/v2\/media?parent=3122"}],"curies":[{"name":"wp","href":"https:\/\/api.w.org\/{rel}","templated":true}]}}