{"id":2904,"date":"2026-03-19T21:14:02","date_gmt":"2026-03-19T21:14:02","guid":{"rendered":"\/docs-mcloud\/?page_id=2904"},"modified":"2026-03-19T22:20:06","modified_gmt":"2026-03-19T22:20:06","slug":"region-definieren","status":"publish","type":"page","link":"\/docs-mcloud\/hilfe\/regio-2\/region-definieren\/","title":{"rendered":"Region definieren"},"content":{"rendered":"\n<h2 class=\"wp-block-heading\">Gebietsauswahl<\/h2>\n\n\n\n<p>Um eine Region auszuw\u00e4hlen stehen drei M\u00f6glichkeiten zur Verf\u00fcgung:<\/p>\n\n\n\n<ul class=\"wp-block-list\">\n<li><a href=\"\/docs-mcloud\/hilfe\/regio-2\/region-definieren\/region-erstellen\/\">Region erstellen<\/a><\/li>\n\n\n\n<li><a href=\"\/docs-mcloud\/hilfe\/regio-2\/region-definieren\/region-filtern\/\">Region filtern<\/a><\/li>\n\n\n\n<li><a href=\"\/docs-mcloud\/hilfe\/regio-2\/region-definieren\/region-importieren\/\">Region importieren<\/a><\/li>\n<\/ul>\n\n\n\n<p><\/p>\n","protected":false},"excerpt":{"rendered":"<p>Gebietsauswahl Um eine Region auszuw\u00e4hlen stehen drei M\u00f6glichkeiten zur Verf\u00fcgung:<\/p>\n","protected":false},"author":11,"featured_media":0,"parent":2899,"menu_order":0,"comment_status":"closed","ping_status":"closed","template":"","meta":{"_acf_changed":false,"inline_featured_image":false,"footnotes":""},"class_list":["post-2904","page","type-page","status-publish","hentry"],"acf":[],"_links":{"self":[{"href":"\/docs-mcloud\/wp-json\/wp\/v2\/pages\/2904","targetHints":{"allow":["GET"]}}],"collection":[{"href":"\/docs-mcloud\/wp-json\/wp\/v2\/pages"}],"about":[{"href":"\/docs-mcloud\/wp-json\/wp\/v2\/types\/page"}],"author":[{"embeddable":true,"href":"\/docs-mcloud\/wp-json\/wp\/v2\/users\/11"}],"replies":[{"embeddable":true,"href":"\/docs-mcloud\/wp-json\/wp\/v2\/comments?post=2904"}],"version-history":[{"count":5,"href":"\/docs-mcloud\/wp-json\/wp\/v2\/pages\/2904\/revisions"}],"predecessor-version":[{"id":3149,"href":"\/docs-mcloud\/wp-json\/wp\/v2\/pages\/2904\/revisions\/3149"}],"up":[{"embeddable":true,"href":"\/docs-mcloud\/wp-json\/wp\/v2\/pages\/2899"}],"wp:attachment":[{"href":"\/docs-mcloud\/wp-json\/wp\/v2\/media?parent=2904"}],"curies":[{"name":"wp","href":"https:\/\/api.w.org\/{rel}","templated":true}]}}