{"id":2903,"date":"2026-03-19T21:13:40","date_gmt":"2026-03-19T21:13:40","guid":{"rendered":"\/docs-mcloud\/?page_id=2903"},"modified":"2026-03-19T21:56:56","modified_gmt":"2026-03-19T21:56:56","slug":"medien-definieren","status":"publish","type":"page","link":"\/docs-mcloud\/hilfe\/regio-2\/medien-definieren\/","title":{"rendered":"Medien definieren"},"content":{"rendered":"\n<h2 class=\"wp-block-heading\">Gebiete<\/h2>\n\n\n\n<p>In der Auswahl <em>Gebiete <\/em>werden die Gemeinden des ausgew\u00e4hlten Gebiets aufgef\u00fchrt. Die Liste kann nach allen Kriterien sortiert werden.<\/p>\n\n\n\n<figure class=\"wp-block-image size-large\"><img loading=\"lazy\" decoding=\"async\" width=\"1024\" height=\"429\" src=\"\/docs-mcloud\/wp-content\/uploads\/sites\/4\/2026\/03\/image-15-1024x429.png\" alt=\"\" class=\"wp-image-3097\" srcset=\"\/docs-mcloud\/wp-content\/uploads\/sites\/4\/2026\/03\/image-15-1024x429.png 1024w, \/docs-mcloud\/wp-content\/uploads\/sites\/4\/2026\/03\/image-15-300x126.png 300w, \/docs-mcloud\/wp-content\/uploads\/sites\/4\/2026\/03\/image-15-768x322.png 768w, \/docs-mcloud\/wp-content\/uploads\/sites\/4\/2026\/03\/image-15.png 1401w\" sizes=\"auto, (max-width: 1024px) 100vw, 1024px\" \/><\/figure>\n\n\n\n<p>Einzelne oder mehrere markierte Gemeinden respektive regionale Einheiten k\u00f6nnen \u00fcber das Icon <img decoding=\"async\" class=\"wp-image-1000\" style=\"width: 20px\" src=\"\/docs-mcloud\/wp-content\/uploads\/sites\/4\/2020\/11\/close.svg\" alt=\"\"> oder die rechten Maustaste aus dem definierten Gebiet gel\u00f6scht werden.<\/p>\n\n\n\n<p>\u00dcber das Icon <img decoding=\"async\" class=\"wp-image-1002\" style=\"width: 20px\" src=\"\/docs-mcloud\/wp-content\/uploads\/sites\/4\/2020\/11\/location_arrow.svg\" alt=\"\"> neben dem Namen der Gemeinde kann gezielt auf diese Gemeinde auf der Karte gezoomt werden.<\/p>\n\n\n\n<h2 class=\"wp-block-heading\">Medien<\/h2>\n\n\n\n<p>In der Auswahl <em>Medien<\/em> werden alle Stellen der ma OutofHome im ausgew\u00e4hlten Gebiet aufgef\u00fchrt, die regional zugeordnet werden k\u00f6nnen. Die Liste der Titel kann \u00fcber verschiedene Kategorien gefiltert werden.<\/p>\n\n\n\n<figure class=\"wp-block-image size-large\"><img loading=\"lazy\" decoding=\"async\" width=\"1024\" height=\"531\" src=\"\/docs-mcloud\/wp-content\/uploads\/sites\/4\/2026\/03\/image-16-1024x531.png\" alt=\"\" class=\"wp-image-3098\" srcset=\"\/docs-mcloud\/wp-content\/uploads\/sites\/4\/2026\/03\/image-16-1024x531.png 1024w, \/docs-mcloud\/wp-content\/uploads\/sites\/4\/2026\/03\/image-16-300x156.png 300w, \/docs-mcloud\/wp-content\/uploads\/sites\/4\/2026\/03\/image-16-768x398.png 768w, \/docs-mcloud\/wp-content\/uploads\/sites\/4\/2026\/03\/image-16.png 1136w\" sizes=\"auto, (max-width: 1024px) 100vw, 1024px\" \/><\/figure>\n\n\n\n<figure class=\"wp-block-table is-style-stripes\"><table><tbody><tr><td>BID<\/td><td>Identifikationsnummer (8-9 stellig)<\/td><\/tr><tr><td>QID<\/td><td>Identifikationsnummer (5-6 stellig)<\/td><\/tr><tr><td>Anzahl Stellen<\/td><td>Anzahl der Einzelstellen im jeweiligen Netzwerk<\/td><\/tr><tr><td>PLZ<\/td><td>Postleitzahl des Gebietes<\/td><\/tr><tr><td>Standort<\/td><td>Regionale Verortung der Einzelstelle\/ des (Teil)Netzwerkes<\/td><\/tr><tr><td>PID<\/td><td>P\u00e4chter-ID<\/td><\/tr><tr><td>Anbieter<\/td><td>Anbieter der Einzelstelle in der Region<\/td><\/tr><\/tbody><\/table><\/figure>\n\n\n\n<p>\u00dcber das +-Icon im Tabellenkopf Medientitel k\u00f6nnen die aufgelisteten Titel entweder in die Tabellierung oder in die Rangreihe \/ Streuplan eingef\u00fcgt werden.<\/p>\n\n\n\n<h2 class=\"wp-block-heading\"><\/h2>\n\n\n\n<h2 class=\"wp-block-heading\">Info<\/h2>\n\n\n\n<p>Wenn der Reiter <em>Info <\/em>aktiv ist, werden dort genauere Informationen zur aktuellen Region angezeigt, die sich momentan unter dem Mauszeiger befindet.<\/p>\n\n\n\n<figure class=\"wp-block-image size-large\"><img loading=\"lazy\" decoding=\"async\" width=\"1024\" height=\"372\" src=\"\/docs-mcloud\/wp-content\/uploads\/sites\/4\/2026\/03\/image-17-1024x372.png\" alt=\"\" class=\"wp-image-3099\" srcset=\"\/docs-mcloud\/wp-content\/uploads\/sites\/4\/2026\/03\/image-17-1024x372.png 1024w, \/docs-mcloud\/wp-content\/uploads\/sites\/4\/2026\/03\/image-17-300x109.png 300w, \/docs-mcloud\/wp-content\/uploads\/sites\/4\/2026\/03\/image-17-768x279.png 768w, \/docs-mcloud\/wp-content\/uploads\/sites\/4\/2026\/03\/image-17-1536x558.png 1536w, \/docs-mcloud\/wp-content\/uploads\/sites\/4\/2026\/03\/image-17.png 1619w\" sizes=\"auto, (max-width: 1024px) 100vw, 1024px\" \/><\/figure>\n","protected":false},"excerpt":{"rendered":"<p>Gebiete In der Auswahl Gebiete werden die Gemeinden des ausgew\u00e4hlten Gebiets aufgef\u00fchrt. Die Liste kann nach allen Kriterien sortiert werden. Einzelne oder mehrere markierte Gemeinden respektive regionale Einheiten k\u00f6nnen \u00fcber das Icon oder die rechten Maustaste aus dem definierten Gebiet gel\u00f6scht werden. \u00dcber das Icon neben dem Namen der Gemeinde kann gezielt auf diese Gemeinde [&hellip;]<\/p>\n","protected":false},"author":11,"featured_media":0,"parent":2899,"menu_order":2,"comment_status":"closed","ping_status":"closed","template":"","meta":{"_acf_changed":false,"inline_featured_image":false,"footnotes":""},"class_list":["post-2903","page","type-page","status-publish","hentry"],"acf":[],"_links":{"self":[{"href":"\/docs-mcloud\/wp-json\/wp\/v2\/pages\/2903","targetHints":{"allow":["GET"]}}],"collection":[{"href":"\/docs-mcloud\/wp-json\/wp\/v2\/pages"}],"about":[{"href":"\/docs-mcloud\/wp-json\/wp\/v2\/types\/page"}],"author":[{"embeddable":true,"href":"\/docs-mcloud\/wp-json\/wp\/v2\/users\/11"}],"replies":[{"embeddable":true,"href":"\/docs-mcloud\/wp-json\/wp\/v2\/comments?post=2903"}],"version-history":[{"count":3,"href":"\/docs-mcloud\/wp-json\/wp\/v2\/pages\/2903\/revisions"}],"predecessor-version":[{"id":3121,"href":"\/docs-mcloud\/wp-json\/wp\/v2\/pages\/2903\/revisions\/3121"}],"up":[{"embeddable":true,"href":"\/docs-mcloud\/wp-json\/wp\/v2\/pages\/2899"}],"wp:attachment":[{"href":"\/docs-mcloud\/wp-json\/wp\/v2\/media?parent=2903"}],"curies":[{"name":"wp","href":"https:\/\/api.w.org\/{rel}","templated":true}]}}