{"id":21,"date":"2020-09-23T08:14:14","date_gmt":"2020-09-23T08:14:14","guid":{"rendered":"\/docs-mcloud\/?page_id=21"},"modified":"2023-08-31T10:00:31","modified_gmt":"2023-08-31T10:00:31","slug":"eigene-medien","status":"publish","type":"page","link":"\/docs-mcloud\/hilfe\/allgemeine-einstellungen\/eigene-medien\/","title":{"rendered":"Eigene Medien"},"content":{"rendered":"\n<p>\u00dcber die Auswahl <em>Eigene Medien<\/em> werden Medien ausgew\u00e4hlt, die in der Tabellierung farblich hervorgehoben werden sollen.<\/p>\n\n\n\n<div class=\"wp-block-columns is-layout-flex wp-container-core-columns-is-layout-9d6595d7 wp-block-columns-is-layout-flex\">\n<div class=\"wp-block-column is-layout-flow wp-block-column-is-layout-flow\" style=\"flex-basis:70.8%\">\n<figure class=\"wp-block-image size-large\"><a href=\"\/docs-mcloud\/wp-content\/uploads\/sites\/4\/2020\/11\/allgemein4.png\"><img loading=\"lazy\" decoding=\"async\" width=\"791\" height=\"616\" src=\"\/docs-mcloud\/wp-content\/uploads\/sites\/4\/2020\/11\/allgemein4.png\" alt=\"\" class=\"wp-image-718\" srcset=\"\/docs-mcloud\/wp-content\/uploads\/sites\/4\/2020\/11\/allgemein4.png 791w, \/docs-mcloud\/wp-content\/uploads\/sites\/4\/2020\/11\/allgemein4-300x234.png 300w, \/docs-mcloud\/wp-content\/uploads\/sites\/4\/2020\/11\/allgemein4-768x598.png 768w\" sizes=\"auto, (max-width: 791px) 100vw, 791px\" \/><\/a><\/figure>\n<\/div>\n\n\n\n<div class=\"wp-block-column is-layout-flow wp-block-column-is-layout-flow\">\n<p>Im linken Fenster werden alle Medien der ge\u00f6ffneten Studie angezeigt.<\/p>\n\n\n\n<p>Per Drag &amp; Drop ziehen Sie die gew\u00fcnschten Medien in das rechte Fenster. Es k\u00f6nnen jederzeit weitere Medien hinzugef\u00fcgt oder aus der Liste gel\u00f6scht werden.<\/p>\n<\/div>\n<\/div>\n\n\n\n<p>Die Liste <em>ausgew\u00e4hlte Medien<\/em> enth\u00e4lt alle von Ihnen hinzugef\u00fcgten Medien, auch jene, die in der ge\u00f6ffneten Studie nicht enthalten sind.<\/p>\n","protected":false},"excerpt":{"rendered":"<p>\u00dcber die Auswahl Eigene Medien werden Medien ausgew\u00e4hlt, die in der Tabellierung farblich hervorgehoben werden sollen. Im linken Fenster werden alle Medien der ge\u00f6ffneten Studie angezeigt. Per Drag &amp; Drop ziehen Sie die gew\u00fcnschten Medien in das rechte Fenster. Es k\u00f6nnen jederzeit weitere Medien hinzugef\u00fcgt oder aus der Liste gel\u00f6scht werden. Die Liste ausgew\u00e4hlte Medien [&hellip;]<\/p>\n","protected":false},"author":1,"featured_media":0,"parent":11,"menu_order":2,"comment_status":"closed","ping_status":"closed","template":"","meta":{"_acf_changed":false,"inline_featured_image":false,"footnotes":""},"class_list":["post-21","page","type-page","status-publish","hentry"],"acf":[],"_links":{"self":[{"href":"\/docs-mcloud\/wp-json\/wp\/v2\/pages\/21","targetHints":{"allow":["GET"]}}],"collection":[{"href":"\/docs-mcloud\/wp-json\/wp\/v2\/pages"}],"about":[{"href":"\/docs-mcloud\/wp-json\/wp\/v2\/types\/page"}],"author":[{"embeddable":true,"href":"\/docs-mcloud\/wp-json\/wp\/v2\/users\/1"}],"replies":[{"embeddable":true,"href":"\/docs-mcloud\/wp-json\/wp\/v2\/comments?post=21"}],"version-history":[{"count":10,"href":"\/docs-mcloud\/wp-json\/wp\/v2\/pages\/21\/revisions"}],"predecessor-version":[{"id":2169,"href":"\/docs-mcloud\/wp-json\/wp\/v2\/pages\/21\/revisions\/2169"}],"up":[{"embeddable":true,"href":"\/docs-mcloud\/wp-json\/wp\/v2\/pages\/11"}],"wp:attachment":[{"href":"\/docs-mcloud\/wp-json\/wp\/v2\/media?parent=21"}],"curies":[{"name":"wp","href":"https:\/\/api.w.org\/{rel}","templated":true}]}}