{"id":19,"date":"2020-09-23T08:13:49","date_gmt":"2020-09-23T08:13:49","guid":{"rendered":"\/docs-mcloud\/?page_id=19"},"modified":"2023-08-31T10:00:31","modified_gmt":"2023-08-31T10:00:31","slug":"layout-der-excel-ausgabe","status":"publish","type":"page","link":"\/docs-mcloud\/hilfe\/allgemeine-einstellungen\/layout-der-excel-ausgabe\/","title":{"rendered":"Layout der Excel-Ausgabe"},"content":{"rendered":"\n<p>Neben Schriftart, Schriftgr\u00f6\u00dfe und Papierformat kann hier festgelegt werden, ob die Ausgabe farbig oder schwarz-wei\u00df nach Excel \u00fcbergeben wird.<\/p>\n\n\n\n<p>Ein hochgeladenes Logo wird auf der ersten Seite der Excelausgabe eingebunden.<\/p>\n\n\n\n<figure class=\"wp-block-image size-large\"><a href=\"\/docs-mcloud\/wp-content\/uploads\/sites\/4\/2020\/11\/allgemein3.png\"><img loading=\"lazy\" decoding=\"async\" width=\"793\" height=\"610\" src=\"\/docs-mcloud\/wp-content\/uploads\/sites\/4\/2020\/11\/allgemein3.png\" alt=\"\" class=\"wp-image-686\" srcset=\"\/docs-mcloud\/wp-content\/uploads\/sites\/4\/2020\/11\/allgemein3.png 793w, \/docs-mcloud\/wp-content\/uploads\/sites\/4\/2020\/11\/allgemein3-300x231.png 300w, \/docs-mcloud\/wp-content\/uploads\/sites\/4\/2020\/11\/allgemein3-768x591.png 768w\" sizes=\"auto, (max-width: 793px) 100vw, 793px\" \/><\/a><\/figure>\n","protected":false},"excerpt":{"rendered":"<p>Neben Schriftart, Schriftgr\u00f6\u00dfe und Papierformat kann hier festgelegt werden, ob die Ausgabe farbig oder schwarz-wei\u00df nach Excel \u00fcbergeben wird. Ein hochgeladenes Logo wird auf der ersten Seite der Excelausgabe eingebunden.<\/p>\n","protected":false},"author":1,"featured_media":0,"parent":11,"menu_order":1,"comment_status":"closed","ping_status":"closed","template":"","meta":{"_acf_changed":false,"inline_featured_image":false,"footnotes":""},"class_list":["post-19","page","type-page","status-publish","hentry"],"acf":[],"_links":{"self":[{"href":"\/docs-mcloud\/wp-json\/wp\/v2\/pages\/19","targetHints":{"allow":["GET"]}}],"collection":[{"href":"\/docs-mcloud\/wp-json\/wp\/v2\/pages"}],"about":[{"href":"\/docs-mcloud\/wp-json\/wp\/v2\/types\/page"}],"author":[{"embeddable":true,"href":"\/docs-mcloud\/wp-json\/wp\/v2\/users\/1"}],"replies":[{"embeddable":true,"href":"\/docs-mcloud\/wp-json\/wp\/v2\/comments?post=19"}],"version-history":[{"count":6,"href":"\/docs-mcloud\/wp-json\/wp\/v2\/pages\/19\/revisions"}],"predecessor-version":[{"id":2166,"href":"\/docs-mcloud\/wp-json\/wp\/v2\/pages\/19\/revisions\/2166"}],"up":[{"embeddable":true,"href":"\/docs-mcloud\/wp-json\/wp\/v2\/pages\/11"}],"wp:attachment":[{"href":"\/docs-mcloud\/wp-json\/wp\/v2\/media?parent=19"}],"curies":[{"name":"wp","href":"https:\/\/api.w.org\/{rel}","templated":true}]}}