{"id":1802,"date":"2020-12-04T11:32:54","date_gmt":"2020-12-04T11:32:54","guid":{"rendered":"\/docs-mcloud\/hilfe\/tabellierung\/tabellenlayout\/numerische-werte-ausblenden\/"},"modified":"2023-08-31T10:00:30","modified_gmt":"2023-08-31T10:00:30","slug":"numerische-werte-ausblenden","status":"publish","type":"page","link":"\/docs-mcloud\/hilfe\/tabellierung\/tabellenlayout\/numerische-werte-ausblenden\/","title":{"rendered":"Numerische Werte ausblenden"},"content":{"rendered":"\n<p>\u00dcber den Button im Layout-Men\u00fc kann f\u00fcr bestimmte Auswertungen die gew\u00e4hlte Darstellung des numerischen Wertes ausgeblendet werden.<\/p>\n\n\n\n<div class=\"wp-block-columns is-layout-flex wp-container-core-columns-is-layout-9d6595d7 wp-block-columns-is-layout-flex\">\n<div class=\"wp-block-column is-layout-flow wp-block-column-is-layout-flow\">\n<figure class=\"wp-block-image size-large\"><a href=\"\/docs-mcloud\/wp-content\/uploads\/sites\/4\/2020\/12\/tabellenlayout19.png\"><img loading=\"lazy\" decoding=\"async\" width=\"376\" height=\"71\" src=\"\/docs-mcloud\/wp-content\/uploads\/sites\/4\/2020\/12\/tabellenlayout19.png\" alt=\"\" class=\"wp-image-1840\" srcset=\"\/docs-mcloud\/wp-content\/uploads\/sites\/4\/2020\/12\/tabellenlayout19.png 376w, \/docs-mcloud\/wp-content\/uploads\/sites\/4\/2020\/12\/tabellenlayout19-300x57.png 300w\" sizes=\"auto, (max-width: 376px) 100vw, 376px\" \/><\/a><figcaption>Standard: Darstellung numerischer Felder in der Auswertung<\/figcaption><\/figure>\n<\/div>\n\n\n\n<div class=\"wp-block-column is-layout-flow wp-block-column-is-layout-flow\">\n<figure class=\"wp-block-image size-large\"><a href=\"\/docs-mcloud\/wp-content\/uploads\/sites\/4\/2020\/12\/tabellenlayout20.png\"><img loading=\"lazy\" decoding=\"async\" width=\"393\" height=\"53\" src=\"\/docs-mcloud\/wp-content\/uploads\/sites\/4\/2020\/12\/tabellenlayout20.png\" alt=\"\" class=\"wp-image-1841\" srcset=\"\/docs-mcloud\/wp-content\/uploads\/sites\/4\/2020\/12\/tabellenlayout20.png 393w, \/docs-mcloud\/wp-content\/uploads\/sites\/4\/2020\/12\/tabellenlayout20-300x40.png 300w\" sizes=\"auto, (max-width: 393px) 100vw, 393px\" \/><\/a><figcaption>Darstellung numerischer Felder in der Auswertung ausgeblendet<\/figcaption><\/figure>\n<\/div>\n<\/div>\n\n\n\n<p>Nur wenn die Ausweisungsart angezeigt wird (Bild 1), kann sie direkt \u00fcber das Stiftsymbol ge\u00e4ndert werden. Ausgeblendete numerische Felder k\u00f6nnen \u00fcber die Option Bearbeiten im Kontextmen\u00fc der rechten Maustaste ge\u00e4ndert werden.<\/p>\n","protected":false},"excerpt":{"rendered":"<p>\u00dcber den Button im Layout-Men\u00fc kann f\u00fcr bestimmte Auswertungen die gew\u00e4hlte Darstellung des numerischen Wertes ausgeblendet werden. Nur wenn die Ausweisungsart angezeigt wird (Bild 1), kann sie direkt \u00fcber das Stiftsymbol ge\u00e4ndert werden. Ausgeblendete numerische Felder k\u00f6nnen \u00fcber die Option Bearbeiten im Kontextmen\u00fc der rechten Maustaste ge\u00e4ndert werden.<\/p>\n","protected":false},"author":7,"featured_media":0,"parent":1676,"menu_order":4,"comment_status":"closed","ping_status":"closed","template":"","meta":{"_acf_changed":false,"inline_featured_image":false,"footnotes":""},"class_list":["post-1802","page","type-page","status-publish","hentry"],"acf":[],"_links":{"self":[{"href":"\/docs-mcloud\/wp-json\/wp\/v2\/pages\/1802","targetHints":{"allow":["GET"]}}],"collection":[{"href":"\/docs-mcloud\/wp-json\/wp\/v2\/pages"}],"about":[{"href":"\/docs-mcloud\/wp-json\/wp\/v2\/types\/page"}],"author":[{"embeddable":true,"href":"\/docs-mcloud\/wp-json\/wp\/v2\/users\/7"}],"replies":[{"embeddable":true,"href":"\/docs-mcloud\/wp-json\/wp\/v2\/comments?post=1802"}],"version-history":[{"count":1,"href":"\/docs-mcloud\/wp-json\/wp\/v2\/pages\/1802\/revisions"}],"predecessor-version":[{"id":1842,"href":"\/docs-mcloud\/wp-json\/wp\/v2\/pages\/1802\/revisions\/1842"}],"up":[{"embeddable":true,"href":"\/docs-mcloud\/wp-json\/wp\/v2\/pages\/1676"}],"wp:attachment":[{"href":"\/docs-mcloud\/wp-json\/wp\/v2\/media?parent=1802"}],"curies":[{"name":"wp","href":"https:\/\/api.w.org\/{rel}","templated":true}]}}