{"id":1521,"date":"2020-12-03T15:18:15","date_gmt":"2020-12-03T15:18:15","guid":{"rendered":"\/docs-mcloud\/hilfe\/tabellierung\/auswertung-bearbeiten\/verknuepfte-zielgruppen-erstellen\/"},"modified":"2023-08-31T10:00:30","modified_gmt":"2023-08-31T10:00:30","slug":"verknuepfte-zielgruppen-erstellen","status":"publish","type":"page","link":"\/docs-mcloud\/hilfe\/tabellierung\/auswertung-bearbeiten\/verknuepfte-zielgruppen-erstellen\/","title":{"rendered":"Verkn\u00fcpfte Zielgruppen erstellen"},"content":{"rendered":"\n<p>Markieren Sie die Zeilen, die verkn\u00fcpft werden sollen und w\u00e4hlen Sie \u00fcber das Men\u00fc der rechten Maustaste den gew\u00fcnschten Operator.<\/p>\n\n\n\n<div class=\"wp-block-columns is-layout-flex wp-container-core-columns-is-layout-9d6595d7 wp-block-columns-is-layout-flex\">\n<div class=\"wp-block-column is-layout-flow wp-block-column-is-layout-flow\">\n<figure class=\"wp-block-image size-large\"><a href=\"\/docs-mcloud\/wp-content\/uploads\/sites\/4\/2020\/12\/AuswertungBearbeiten1.png\"><img loading=\"lazy\" decoding=\"async\" width=\"424\" height=\"247\" src=\"\/docs-mcloud\/wp-content\/uploads\/sites\/4\/2020\/12\/AuswertungBearbeiten1.png\" alt=\"\" class=\"wp-image-1571\" srcset=\"\/docs-mcloud\/wp-content\/uploads\/sites\/4\/2020\/12\/AuswertungBearbeiten1.png 424w, \/docs-mcloud\/wp-content\/uploads\/sites\/4\/2020\/12\/AuswertungBearbeiten1-300x175.png 300w\" sizes=\"auto, (max-width: 424px) 100vw, 424px\" \/><\/a><figcaption>Verkn\u00fcpfungsoperatoren rechte Maustaste<\/figcaption><\/figure>\n<\/div>\n\n\n\n<div class=\"wp-block-column is-layout-flow wp-block-column-is-layout-flow\">\n<figure class=\"wp-block-image size-large\"><a href=\"\/docs-mcloud\/wp-content\/uploads\/sites\/4\/2020\/12\/AuswertungBearbeiten2.png\"><img loading=\"lazy\" decoding=\"async\" width=\"415\" height=\"257\" src=\"\/docs-mcloud\/wp-content\/uploads\/sites\/4\/2020\/12\/AuswertungBearbeiten2.png\" alt=\"\" class=\"wp-image-1572\" srcset=\"\/docs-mcloud\/wp-content\/uploads\/sites\/4\/2020\/12\/AuswertungBearbeiten2.png 415w, \/docs-mcloud\/wp-content\/uploads\/sites\/4\/2020\/12\/AuswertungBearbeiten2-300x186.png 300w\" sizes=\"auto, (max-width: 415px) 100vw, 415px\" \/><\/a><figcaption>Die neue, verkn\u00fcpfte Zielgruppe ersetzt die Einzelzielgruppen<\/figcaption><\/figure>\n<\/div>\n<\/div>\n\n\n\n<p>Auch Verkn\u00fcpfungen von Zielgruppen aus unterschiedlichen Merkmalen sind m\u00f6glich.<\/p>\n\n\n\n<figure class=\"wp-block-image size-large\"><a href=\"\/docs-mcloud\/wp-content\/uploads\/sites\/4\/2020\/12\/AuswertungBearbeiten3.png\"><img loading=\"lazy\" decoding=\"async\" width=\"415\" height=\"206\" src=\"\/docs-mcloud\/wp-content\/uploads\/sites\/4\/2020\/12\/AuswertungBearbeiten3.png\" alt=\"\" class=\"wp-image-1573\" srcset=\"\/docs-mcloud\/wp-content\/uploads\/sites\/4\/2020\/12\/AuswertungBearbeiten3.png 415w, \/docs-mcloud\/wp-content\/uploads\/sites\/4\/2020\/12\/AuswertungBearbeiten3-300x149.png 300w\" sizes=\"auto, (max-width: 415px) 100vw, 415px\" \/><\/a><figcaption>UND-Verkn\u00fcpfung von zwei Zielgruppen<\/figcaption><\/figure>\n","protected":false},"excerpt":{"rendered":"<p>Markieren Sie die Zeilen, die verkn\u00fcpft werden sollen und w\u00e4hlen Sie \u00fcber das Men\u00fc der rechten Maustaste den gew\u00fcnschten Operator. Auch Verkn\u00fcpfungen von Zielgruppen aus unterschiedlichen Merkmalen sind m\u00f6glich.<\/p>\n","protected":false},"author":7,"featured_media":0,"parent":1518,"menu_order":0,"comment_status":"closed","ping_status":"closed","template":"","meta":{"_acf_changed":false,"inline_featured_image":false,"footnotes":""},"class_list":["post-1521","page","type-page","status-publish","hentry"],"acf":[],"_links":{"self":[{"href":"\/docs-mcloud\/wp-json\/wp\/v2\/pages\/1521","targetHints":{"allow":["GET"]}}],"collection":[{"href":"\/docs-mcloud\/wp-json\/wp\/v2\/pages"}],"about":[{"href":"\/docs-mcloud\/wp-json\/wp\/v2\/types\/page"}],"author":[{"embeddable":true,"href":"\/docs-mcloud\/wp-json\/wp\/v2\/users\/7"}],"replies":[{"embeddable":true,"href":"\/docs-mcloud\/wp-json\/wp\/v2\/comments?post=1521"}],"version-history":[{"count":2,"href":"\/docs-mcloud\/wp-json\/wp\/v2\/pages\/1521\/revisions"}],"predecessor-version":[{"id":1574,"href":"\/docs-mcloud\/wp-json\/wp\/v2\/pages\/1521\/revisions\/1574"}],"up":[{"embeddable":true,"href":"\/docs-mcloud\/wp-json\/wp\/v2\/pages\/1518"}],"wp:attachment":[{"href":"\/docs-mcloud\/wp-json\/wp\/v2\/media?parent=1521"}],"curies":[{"name":"wp","href":"https:\/\/api.w.org\/{rel}","templated":true}]}}