{"id":1518,"date":"2020-12-03T15:17:12","date_gmt":"2020-12-03T15:17:12","guid":{"rendered":"\/docs-mcloud\/hilfe\/tabellierung\/auswertung-bearbeiten\/"},"modified":"2023-08-31T10:00:30","modified_gmt":"2023-08-31T10:00:30","slug":"auswertung-bearbeiten","status":"publish","type":"page","link":"\/docs-mcloud\/hilfe\/tabellierung\/auswertung-bearbeiten\/","title":{"rendered":"Auswertung bearbeiten"},"content":{"rendered":"\n<p>Zielgruppen k\u00f6nnen direkt in den Tabellenzeilen und Spaltenk\u00f6pfen der Tabelle bearbeitet werden. Sie k\u00f6nnen zu neuen Zielgruppen zusammengefasst, dupliziert, gel\u00f6scht oder umbenannt werden. Die Darstellung der Ergebnisse kann \u00fcber das Layout jederzeit je nach Analyseschwerpunkt angepasst, wichtige Ergebnisse durch farbliche Markierung hervorgehoben werden.<\/p>\n","protected":false},"excerpt":{"rendered":"<p>Zielgruppen k\u00f6nnen direkt in den Tabellenzeilen und Spaltenk\u00f6pfen der Tabelle bearbeitet werden. Sie k\u00f6nnen zu neuen Zielgruppen zusammengefasst, dupliziert, gel\u00f6scht oder umbenannt werden. Die Darstellung der Ergebnisse kann \u00fcber das Layout jederzeit je nach Analyseschwerpunkt angepasst, wichtige Ergebnisse durch farbliche Markierung hervorgehoben werden.<\/p>\n","protected":false},"author":7,"featured_media":0,"parent":656,"menu_order":4,"comment_status":"closed","ping_status":"closed","template":"","meta":{"_acf_changed":false,"inline_featured_image":false,"footnotes":""},"class_list":["post-1518","page","type-page","status-publish","hentry"],"acf":[],"_links":{"self":[{"href":"\/docs-mcloud\/wp-json\/wp\/v2\/pages\/1518","targetHints":{"allow":["GET"]}}],"collection":[{"href":"\/docs-mcloud\/wp-json\/wp\/v2\/pages"}],"about":[{"href":"\/docs-mcloud\/wp-json\/wp\/v2\/types\/page"}],"author":[{"embeddable":true,"href":"\/docs-mcloud\/wp-json\/wp\/v2\/users\/7"}],"replies":[{"embeddable":true,"href":"\/docs-mcloud\/wp-json\/wp\/v2\/comments?post=1518"}],"version-history":[{"count":1,"href":"\/docs-mcloud\/wp-json\/wp\/v2\/pages\/1518\/revisions"}],"predecessor-version":[{"id":1520,"href":"\/docs-mcloud\/wp-json\/wp\/v2\/pages\/1518\/revisions\/1520"}],"up":[{"embeddable":true,"href":"\/docs-mcloud\/wp-json\/wp\/v2\/pages\/656"}],"wp:attachment":[{"href":"\/docs-mcloud\/wp-json\/wp\/v2\/media?parent=1518"}],"curies":[{"name":"wp","href":"https:\/\/api.w.org\/{rel}","templated":true}]}}