{"id":752,"date":"2020-12-09T16:17:40","date_gmt":"2020-12-09T16:17:40","guid":{"rendered":"\/docs-gik-b4p\/hilfe\/die-programmoberflaeche\/mehrsprachigkeit\/"},"modified":"2026-01-14T15:50:14","modified_gmt":"2026-01-14T15:50:14","slug":"mehrsprachigkeit","status":"publish","type":"page","link":"\/docs-gik-b4p\/hilfe\/die-programmoberflaeche\/mehrsprachigkeit\/","title":{"rendered":"Mehrsprachigkeit"},"content":{"rendered":"\n<p>Beim Login k\u00f6nnen Sie zwischen der deutschen, englischen oder franz\u00f6sischen Version von MDS-Cloud w\u00e4hlen. Die Texte der Programmoberfl\u00e4che werden in der gew\u00e4hlten Sprache angezeigt.<\/p>\n\n\n\n<figure class=\"wp-block-image size-large\"><a href=\"\/docs-gik-b4p\/wp-content\/uploads\/sites\/3\/2020\/12\/Login_kurzzeit.png\"><img loading=\"lazy\" decoding=\"async\" width=\"521\" height=\"433\" src=\"\/docs-gik-b4p\/wp-content\/uploads\/sites\/3\/2020\/12\/Login_kurzzeit.png\" alt=\"\" class=\"wp-image-753\" srcset=\"\/docs-gik-b4p\/wp-content\/uploads\/sites\/3\/2020\/12\/Login_kurzzeit.png 521w, \/docs-gik-b4p\/wp-content\/uploads\/sites\/3\/2020\/12\/Login_kurzzeit-300x249.png 300w\" sizes=\"auto, (max-width: 521px) 100vw, 521px\" \/><\/a><\/figure>\n","protected":false},"excerpt":{"rendered":"<p>Beim Login k\u00f6nnen Sie zwischen der deutschen, englischen oder franz\u00f6sischen Version von MDS-Cloud w\u00e4hlen. Die Texte der Programmoberfl\u00e4che werden in der gew\u00e4hlten Sprache angezeigt.<\/p>\n","protected":false},"author":8,"featured_media":0,"parent":28,"menu_order":11,"comment_status":"closed","ping_status":"closed","template":"","meta":{"_acf_changed":false,"inline_featured_image":false,"footnotes":""},"class_list":["post-752","page","type-page","status-publish","hentry"],"acf":[],"_links":{"self":[{"href":"\/docs-gik-b4p\/wp-json\/wp\/v2\/pages\/752","targetHints":{"allow":["GET"]}}],"collection":[{"href":"\/docs-gik-b4p\/wp-json\/wp\/v2\/pages"}],"about":[{"href":"\/docs-gik-b4p\/wp-json\/wp\/v2\/types\/page"}],"author":[{"embeddable":true,"href":"\/docs-gik-b4p\/wp-json\/wp\/v2\/users\/8"}],"replies":[{"embeddable":true,"href":"\/docs-gik-b4p\/wp-json\/wp\/v2\/comments?post=752"}],"version-history":[{"count":2,"href":"\/docs-gik-b4p\/wp-json\/wp\/v2\/pages\/752\/revisions"}],"predecessor-version":[{"id":951,"href":"\/docs-gik-b4p\/wp-json\/wp\/v2\/pages\/752\/revisions\/951"}],"up":[{"embeddable":true,"href":"\/docs-gik-b4p\/wp-json\/wp\/v2\/pages\/28"}],"wp:attachment":[{"href":"\/docs-gik-b4p\/wp-json\/wp\/v2\/media?parent=752"}],"curies":[{"name":"wp","href":"https:\/\/api.w.org\/{rel}","templated":true}]}}